{"id":61,"date":"2025-02-19T10:36:47","date_gmt":"2025-02-19T10:36:47","guid":{"rendered":"https:\/\/www.feuerwehr-schwarmstedt.de\/?page_id=61"},"modified":"2025-02-19T10:37:59","modified_gmt":"2025-02-19T10:37:59","slug":"foerderverein","status":"publish","type":"page","link":"https:\/\/www.feuerwehr-schwarmstedt.de\/?page_id=61","title":{"rendered":"F\u00f6rderverein"},"content":{"rendered":"\n<p>Sie m\u00f6chten die Feuerwehr Schwarmstedt unterst\u00fctzen, aber nicht aktiv am Einsatzgeschehen teilnehmen?<\/p>\n\n\n\n<p>Werden Sie Mitglied des F\u00f6rdervereins!<\/p>\n\n\n\n<p>Mit Ihrem Mitgliedsbeitrag unterst\u00fctzen Sie die Feuerwehr<br>bei der Beschaffung von technischer Ausr\u00fcstung<br>und pers\u00f6nlicher Schutzausr\u00fcstung der Einsatzabteilung.<br>Sie unterst\u00fctzen die Brandschutzerziehung f\u00fcr Jugendliche, Erwachsenen und Senioren.<br>Auch f\u00f6rdern Sie die Arbeit der Kinder- und Jugendfeuerwehr<\/p>\n\n\n\n<p>Sie tragen direkt dazu bei, dass die Ausr\u00fcstung Ihrer Feuerwehr erg\u00e4nzt wird<br>Ihren Beitrag k\u00f6nnen Sie selbst bestimmen<br>Ein Antragsformular finden Sie <a href=\"https:\/\/www.feuerwehr-schwarmstedt.de\/wp-content\/uploads\/2025\/02\/beitrittsformular_foerderverein.pdf\">hier<\/a>!<\/p>\n\n\n<div class=\"wp-block-image\">\n<figure class=\"aligncenter size-large is-resized\"><img fetchpriority=\"high\" decoding=\"async\" width=\"863\" height=\"1024\" src=\"https:\/\/www.feuerwehr-schwarmstedt.de\/wp-content\/uploads\/2025\/02\/foerder1-863x1024.jpg\" alt=\"\" class=\"wp-image-62\" style=\"width:500px\" srcset=\"https:\/\/www.feuerwehr-schwarmstedt.de\/wp-content\/uploads\/2025\/02\/foerder1-863x1024.jpg 863w, https:\/\/www.feuerwehr-schwarmstedt.de\/wp-content\/uploads\/2025\/02\/foerder1-253x300.jpg 253w, https:\/\/www.feuerwehr-schwarmstedt.de\/wp-content\/uploads\/2025\/02\/foerder1-768x911.jpg 768w, https:\/\/www.feuerwehr-schwarmstedt.de\/wp-content\/uploads\/2025\/02\/foerder1.jpg 1237w\" sizes=\"(max-width: 863px) 100vw, 863px\" \/><\/figure>\n<\/div>","protected":false},"excerpt":{"rendered":"<p>Sie m\u00f6chten die Feuerwehr Schwarmstedt unterst\u00fctzen, aber nicht aktiv am Einsatzgeschehen teilnehmen? Werden Sie Mitglied des F\u00f6rdervereins! Mit Ihrem Mitgliedsbeitrag unterst\u00fctzen Sie die Feuerwehrbei der Beschaffung von technischer Ausr\u00fcstungund pers\u00f6nlicher Schutzausr\u00fcstung der Einsatzabteilung.Sie unterst\u00fctzen die Brandschutzerziehung f\u00fcr Jugendliche, Erwachsenen und Senioren.Auch f\u00f6rdern Sie die Arbeit der Kinder- und Jugendfeuerwehr Sie tragen direkt dazu bei, dass&hellip;&nbsp;<a href=\"https:\/\/www.feuerwehr-schwarmstedt.de\/?page_id=61\" rel=\"bookmark\">Weiterlesen &raquo;<span class=\"screen-reader-text\">F\u00f6rderverein<\/span><\/a><\/p>\n","protected":false},"author":1,"featured_media":0,"parent":0,"menu_order":0,"comment_status":"closed","ping_status":"closed","template":"","meta":{"neve_meta_sidebar":"","neve_meta_container":"","neve_meta_enable_content_width":"","neve_meta_content_width":0,"neve_meta_title_alignment":"","neve_meta_author_avatar":"","neve_post_elements_order":"","neve_meta_disable_header":"","neve_meta_disable_footer":"","neve_meta_disable_title":"","footnotes":""},"class_list":["post-61","page","type-page","status-publish","hentry"],"_links":{"self":[{"href":"https:\/\/www.feuerwehr-schwarmstedt.de\/index.php?rest_route=\/wp\/v2\/pages\/61","targetHints":{"allow":["GET"]}}],"collection":[{"href":"https:\/\/www.feuerwehr-schwarmstedt.de\/index.php?rest_route=\/wp\/v2\/pages"}],"about":[{"href":"https:\/\/www.feuerwehr-schwarmstedt.de\/index.php?rest_route=\/wp\/v2\/types\/page"}],"author":[{"embeddable":true,"href":"https:\/\/www.feuerwehr-schwarmstedt.de\/index.php?rest_route=\/wp\/v2\/users\/1"}],"replies":[{"embeddable":true,"href":"https:\/\/www.feuerwehr-schwarmstedt.de\/index.php?rest_route=%2Fwp%2Fv2%2Fcomments&post=61"}],"version-history":[{"count":2,"href":"https:\/\/www.feuerwehr-schwarmstedt.de\/index.php?rest_route=\/wp\/v2\/pages\/61\/revisions"}],"predecessor-version":[{"id":65,"href":"https:\/\/www.feuerwehr-schwarmstedt.de\/index.php?rest_route=\/wp\/v2\/pages\/61\/revisions\/65"}],"wp:attachment":[{"href":"https:\/\/www.feuerwehr-schwarmstedt.de\/index.php?rest_route=%2Fwp%2Fv2%2Fmedia&parent=61"}],"curies":[{"name":"wp","href":"https:\/\/api.w.org\/{rel}","templated":true}]}}